{"id":191,"date":"2022-10-21T22:30:02","date_gmt":"2022-10-21T22:30:02","guid":{"rendered":"https:\/\/lefromageapaillettes.com\/?post_type=product&#038;p=191"},"modified":"2025-05-03T11:47:38","modified_gmt":"2025-05-03T11:47:38","slug":"chouchou","status":"publish","type":"product","link":"https:\/\/lefromageapaillettes.com\/index.php\/product\/chouchou\/","title":{"rendered":"Chouchou Uni"},"content":{"rendered":"<p>Chouchous en tous genres, confectionn\u00e9s avec soin avec des tissus s\u00e9lectionn\u00e9s pour vous sublimer au quotidien!<\/p>\n<p>Le Chouchou de tous les chouchou&#8230;x?!<\/p>\n<p>Plusieurs mod\u00e8les\/motifs\/coloris disponibles<\/p>\n<p>N&rsquo;h\u00e9sitez pas \u00e0 m&rsquo;\u00e9crire pour une commande personnalis\u00e9e<br \/>\nRetrouvez les chouchoux Bi-go\u00fbt ici:\u00a0<a href=\"https:\/\/lefromageapaillettes.com\/index.php\/product\/chouchou-chichi\/\">https:\/\/lefromageapaillettes.com\/index.php\/product\/chouchou-chichi\/<\/a><\/p>\n","protected":false},"excerpt":{"rendered":"<p>Le chouchou uni by GlitterCheez<\/p>\n","protected":false},"featured_media":222,"comment_status":"closed","ping_status":"closed","template":"","meta":[],"product_brand":[],"product_cat":[23],"product_tag":[27],"class_list":{"0":"post-191","1":"product","2":"type-product","3":"status-publish","4":"has-post-thumbnail","6":"product_cat-chouchi","7":"product_tag-chouchou","9":"first","10":"instock","11":"sold-individually","12":"taxable","13":"shipping-taxable","14":"purchasable","15":"product-type-variable"},"aioseo_notices":[],"jetpack-related-posts":[],"jetpack_sharing_enabled":true,"_links":{"self":[{"href":"https:\/\/lefromageapaillettes.com\/index.php\/wp-json\/wp\/v2\/product\/191","targetHints":{"allow":["GET"]}}],"collection":[{"href":"https:\/\/lefromageapaillettes.com\/index.php\/wp-json\/wp\/v2\/product"}],"about":[{"href":"https:\/\/lefromageapaillettes.com\/index.php\/wp-json\/wp\/v2\/types\/product"}],"replies":[{"embeddable":true,"href":"https:\/\/lefromageapaillettes.com\/index.php\/wp-json\/wp\/v2\/comments?post=191"}],"wp:featuredmedia":[{"embeddable":true,"href":"https:\/\/lefromageapaillettes.com\/index.php\/wp-json\/wp\/v2\/media\/222"}],"wp:attachment":[{"href":"https:\/\/lefromageapaillettes.com\/index.php\/wp-json\/wp\/v2\/media?parent=191"}],"wp:term":[{"taxonomy":"product_brand","embeddable":true,"href":"https:\/\/lefromageapaillettes.com\/index.php\/wp-json\/wp\/v2\/product_brand?post=191"},{"taxonomy":"product_cat","embeddable":true,"href":"https:\/\/lefromageapaillettes.com\/index.php\/wp-json\/wp\/v2\/product_cat?post=191"},{"taxonomy":"product_tag","embeddable":true,"href":"https:\/\/lefromageapaillettes.com\/index.php\/wp-json\/wp\/v2\/product_tag?post=191"}],"curies":[{"name":"wp","href":"https:\/\/api.w.org\/{rel}","templated":true}]}}